 remainder when 1559 is divided by 5?
4
What is the remainder when 39 is divided by 5?
4
Calculate the remainder when 196 is divided by 34.
26
What is the remainder when 1609 is divided by 46?
45
What is the remainder when 1996 is divided by 94?
22
What is the remainder when 728 is divided by 440?
288
What is the remainder when 6644 is divided by 104?
92
Calculate the remainder when 127 is divided by 12.
7
What is the remainder when 272 is divided by 51?
17
Calculate the remainder when 68 is divided by 31.
6
Calculate the remainder when 544 is divided by 22.
16
What is the remainder when 10295 is divided by 25?
20
Calculate the remainder when 92 is divided by 43.
6
Calculate the remainder when 34 is divided by 26.
8
Calculate the remainder when 379 is divided by 125.
4
What is the remainder when 113 is divided by 98?
15
What is the remainder when 24 is divided by 8?
0
What is the remainder when 1352 is divided by 33?
32
What is the remainder when 89 is divided by 30?
29
What is the remainder when 4599 is divided by 2286?
27
Calculate the remainder when 463 is divided by 29.
28
What is the remainder when 147 is divided by 25?
22
Calculate the remainder when 1847 is divided by 28.
27
Calculate the remainder when 94 is divided by 38.
18
Calculate the remainder when 109 is divided by 34.
7
What is the remainder when 759 is divided by 44?
11
What is the remainder when 119 is divided by 11?
9
What is the remainder when 38 is divided by 7?
3
Calculate the remainder when 857 is divided by 49.
24
Calculate the remainder when 124 is divided by 28.
12
Calculate the remainder when 3329 is divided by 238.
235
Calculate the remainder when 1998 is divided by 46.
20
Calculate the remainder when 14 is divided by 8.
6
What is the remainder when 64 is divided by 23?
18
What is the remainder when 486 is divided by 149?
39
Calculate the remainder when 23950 is divided by 43.
42
Calculate the remainder when 324 is divided by 21.
9
What is the remainder when 814 is divided by 12?
10
Calculate the remainder when 1523 is divided by 29.
15
Calculate the remainder when 16352 is divided by 442.
440
What is the remainder when 26520 is divided by 421?
418
Calculate the remainder when 23851 is divided by 65.
61
What is the remainder when 1284 is divided by 117?
114
Calculate the remainder when 450 is divided by 60.
30
What is the remainder when 5505 is divided by 12?
9
Calculate the remainder when 185 is divided by 29.
11
What is the remainder when 423 is divided by 25?
23
What is the remainder when 502 is divided by 158?
28
What is the remainder when 231 is divided by 47?
43
What is the remainder when 611 is divided by 9?
8
What is the remainder when 347 is divided by 13?
9
Calculate the remainder when 2348 is divided by 49.
45
Calculate the remainder when 2072 is divided by 83.
80
What is the remainder when 177 is divided by 60?
57
Calculate the remainder when 988 is divided by 30.
28
What is the remainder when 29679 is divided by 20?
19
Calculate the remainder when 14 is divided by 3.
2
Calculate the remainder when 121 is divided by 19.
7
Calculate the remainder when 1546 is divided by 13.
12
Calculate the remainder when 1543 is divided by 1516.
27
What is the remainder when 109 is divided by 88?
21
Calculate the remainder when 657 is divided by 39.
33
Calculate the remainder when 806 is divided by 162.
158
What is the remainder when 134 is divided by 25?
9
Calculate the remainder when 145 is divided by 27.
10
Calculate the remainder when 4807 is divided by 1599.
10
What is the remainder when 559 is divided by 20?
19
Calculate the remainder when 1055 is divided by 36.
11
What is the remainder when 2254 is divided by 16?
14
Calculate the remainder when 377 is divided by 76.
73
Calculate the remainder when 15 is divided by 3.
0
Calculate the remainder when 37 is divided by 5.
2
Calculate the remainder when 3315 is divided by 175.
165
What is the remainder when 929 is divided by 71?
6
Calculate the remainder when 4997 is divided by 4990.
7
What is the remainder when 2045 is divided by 18?
11
What is the remainder when 84 is divided by 21?
0
What is the remainder when 134 is divided by 10?
4
Calculate the remainder when 1204 is divided by 71.
68
Calculate the remainder when 100 is divided by 3.
1
Calculate the remainder when 404 is divided by 110.
74
What is the remainder when 17 is divided by 4?
1
Calculate the remainder when 263 is divided by 70.
53
What is the remainder when 3563 is divided by 1179?
26
Calculate the remainder when 3115 is divided by 260.
255
What is the remainder when 2596 is divided by 104?
100
What is the remainder when 37 is divided by 24?
13
Calculate the remainder when 99 is divided by 18.
9
What is the remainder when 513 is divided by 61?
25
Calculate the remainder when 830 is divided by 273.
11
Calculate the remainder when 663 is divided by 128.
23
What is the remainder when 291 is divided by 85?
36
Calculate the remainder when 226 is divided by 17.
5
Calculate the remainder when 146 is divided by 69.
8
What is the remainder when 805 is divided by 101?
98
What is the remainder when 729 is divided by 4?
1
Calculate the remainder when 668 is divided by 34.
22
Calculate the remainder when 552 is divided by 138.
0
What is the remainder when 263 is divided by 22?
21
What is the remainder when 5251 is divided by 6?
1
Calculate the remainder when 376 is divided by 30.
16
What is the remainder when 88992 is divided by 255?
252
What is the remainder when 154 is divided by 54?
46
Calculate the remainder when 907 is divided by 70.
67
What is the remainder when 518 is divided by 251?
16
Calculate the remainder when 51 is divided by 17.
0
What is the remainder when 706 is divided by 71?
67
Calculate the remainder when 1292 is divided by 16.
12
Calculate the remainder when 831 is divided by 33.
6
What is the remainder when 56 is divided by 12?
8
Calculate the remainder when 688 is divided by 229.
1
What is the remainder when 268 is divided by 71?
55
What is the remainder when 8270 is divided by 44?
42
What is the remainder when 183 is divided by 94?
89
What is the remainder when 529 is divided by 32?
17
Calculate the remainder when 966 is divided by 88.
86
Calculate the remainder when 534 is divided by 30.
24
What is the remainder when 60 is divided by 35?
25
Calculate the remainder when 2348 is divided by 33.
5
What is the remainder when 752 is divided by 44?
4
Calculate the remainder when 129 is divided by 45.
39
Calculate the remainder when 87 is divided by 32.
23
What is the remainder when 578 is divided by 20?
18
What is the remainder when 1249 is divided by 40?
9
What is the remainder when 202 is divided by 38?
12
What is the remainder when 361 is divided by 2?
1
What is the remainder when 4285 is divided by 39?
34
What is the remainder when 68 is divided by 2?
0
Calculate the remainder when 835 is divided by 19.
18
What is the remainder when 3837 is divided by 120?
117
What is the remainder when 693 is divided by 150?
93
What is the remainder when 532 is divided by 71?
35
Calculate the remainder when 22 is divided by 9.
4
Calculate the remainder when 3946 is divided by 104.
98
Calculate the remainder when 476 is divided by 48.
44
Calculate the remainder when 799 is divided by 261.
16
Calculate the remainder when 523 is divided by 125.
23
Calculate the remainder when 338 is divided by 102.
32
Calculate the remainder when 563 is divided by 24.
11
What is the remainder when 35 is divided by 9?
8
What is the remainder when 476 is divided by 196?
84
Calculate the remainder when 512 is divided by 43.
39
Calculate the remainder when 44 is divided by 16.
12
What is the remainder when 691 is divided by 175?
166
What is the remainder when 1505 is divided by 58?
55
Calculate the remainder when 240 is divided by 45.
15
What is the remainder when 2215 is divided by 101?
94
Calculate the remainder when 899 is divided by 113.
108
What is the remainder when 16 is divided by 13?
3
Calculate the remainder when 229 is divided by 4.
1
What is the remainder when 119 is divided by 58?
3
What is the remainder when 3401 is divided by 155?
146
Calculate the remainder when 146 is divided by 25.
21
What is the remainder when 823 is divided by 165?
163
Calculate the remainder w